
What is the units digit of 842?
2
What is the hundreds digit of 1472?
4
What is the tens digit of 382?
8
What is the thousands digit of 1555?
1
What is the tens digit of 2216?
1
What is the tens digit of 12364?
6
What is the hundreds digit of 784?
7
What is the units digit of 1212?
2
What is the hundreds digit of 3579?
5
What is the hundreds digit of 607?
6
What is the units digit of 1330?
0
What is the tens digit of 29767?
6
What is the hundreds digit of 9972?
9
What is the tens digit of 2919?
1
What is the ten thousands digit of 11542?
1
What is the tens digit of 2245?
4
What is the thousands digit of 19820?
9
What is the thousands digit of 1188?
1
What is the hundreds digit of 16207?
2
What is the hundreds digit of 2276?
2
What is the hundreds digit of 5024?
0
What is the units digit of 10096?
6
What is the tens digit of 2337?
3
What is the units digit of 245?
5
What is the thousands digit of 41763?
1
What is the tens digit of 34865?
6
What is the hundreds digit of 951?
9
What is the tens digit of 30883?
8
What is the units digit of 3319?
9
What is the tens digit of 91572?
7
What is the thousands digit of 1367?
1
What is the tens digit of 526?
2
What is the thousands digit of 83847?
3
What is the thousands digit of 1024?
1
What is the thousands digit of 2693?
2
What is the hundreds digit of 42585?
5
What is the thousands digit of 6994?
6
What is the units digit of 869?
9
What is the hundreds digit of 38018?
0
What is the hundreds digit of 24455?
4
What is the tens digit of 1027?
2
What is the tens digit of 258?
5
What is the thousands digit of 7659?
7
What is the hundreds digit of 2200?
2
What is the thousands digit of 14635?
4
What is the hundreds digit of 3481?
4
What is the units digit of 5329?
9
What is the units digit of 7?
7
What is the tens digit of 1170?
7
What is the hundreds digit of 3109?
1
What is the units digit of 2255?
5
What is the units digit of 63486?
6
What is the tens digit of 6100?
0
What is the hundreds digit of 643?
6
What is the tens digit of 1075?
7
What is the tens digit of 693?
9
What is the tens digit of 83160?
6
What is the hundreds digit of 2219?
2
What is the units digit of 18041?
1
What is the hundreds digit of 7632?
6
What is the tens digit of 1328?
2
What is the units digit of 19250?
0
What is the tens digit of 747?
4
What is the hundreds digit of 3707?
7
What is the hundreds digit of 10057?
0
What is the thousands digit of 11897?
1
What is the thousands digit of 4556?
4
What is the tens digit of 91856?
5
What is the units digit of 725?
5
What is the thousands digit of 4418?
4
What is the thousands digit of 83575?
3
What is the units digit of 5850?
0
What is the units digit of 1299?
9
What is the hundreds digit of 4002?
0
What is the tens digit of 8503?
0
What is the ten thousands digit of 12427?
1
What is the tens digit of 43573?
7
What is the tens digit of 9773?
7
What is the units digit of 1258?
8
What is the tens digit of 777?
7
What is the tens digit of 90026?
2
What is the hundreds digit of 730?
7
What is the tens digit of 550?
5
What is the thousands digit of 1757?
1
What is the tens digit of 198?
9
What is the units digit of 1211?
1
What is the hundreds digit of 4822?
8
What is the tens digit of 41409?
0
What is the thousands digit of 24662?
4
What is the units digit of 976?
6
What is the units digit of 1037?
7
What is the thousands digit of 4034?
4
What is the hundreds digit of 38215?
2
What is the units digit of 893?
3
What is the units digit of 84?
4
What is the units digit of 2113?
3
What is the tens digit of 6130?
3
What is the thousands digit of 1249?
1
What is the tens digit of 7153?
5
What is the ten thousands digit of 13863?
1
What is the tens digit of 413?
1
What is the tens digit of 964?
6
What is the ten thousands digit of 67320?
6
What is the tens digit of 68925?
2
What is the ten thousands digit of 18165?
1
What is the units digit of 1219?
9
What is the hundreds digit of 12662?
6
What is the hundreds digit of 49204?
2
What is the hundreds digit of 23943?
9
What is the hundreds digit of 4889?
8
What is the thousands digit of 5156?
5
What is the tens digit of 6464?
6
What is the tens digit of 37541?
4
What is the tens digit of 788?
8
What is the hundreds digit of 5691?
6
What is the tens digit of 10498?
9
What is the tens digit of 9294?
9
What is the units digit of 64953?
3
What is the units digit of 40496?
6
What is the units digit of 1049?
9
What is the units digit of 4640?
0
What is the thousands digit of 34369?
4
What is the tens digit of 132291?
9
What is the tens digit of 691?
9
What is the units digit of 1337?
7
What is the units digit of 8553?
3
What is the hundreds digit of 706?
7
What is the thousands digit of 5518?
5
What is the units digit of 48926?
6
What is the thousands digit of 5823?
5
What is the hundreds digit of 6189?
1
What is the tens digit of 1233?
3
What is the tens digit of 1009?
0
What is the tens digit of 9496?
9
What is the units digit of 60292?
2
What is the units digit of 487?
7
What is the thousands digit of 14037?
4
What is the hundreds digit of 526?
5
What is the hundreds digit of 8610?
6
What is the hundreds digit of 55535?
5
What is the units digit of 3183?
3
What is the tens digit of 2375?
7
What is the tens digit of 38?
3
What is the hundreds digit of 3810?
8
What is the tens digit of 16843?
4
What is the hundreds digit of 3673?
6
What is the thousands digit of 3015?
3
What is the hundreds digit of 1856?
8
What is the hundreds digit of 44023?
0
What is the thousands digit of 1468?
1
What is the thousands digit of 75362?
5
What is the tens digit of 29820?
2
What is the units digit of 1560?
0
What is the tens digit of 1597?
9
What is the tens digit of 1372?
7
What is the thousands digit of 8398?
8
What is the ten thousands digit of 105754?
0
What is the hundreds digit of 568?
5
What is the units digit of 102221?
1
What is the thousands digit of 3961?
3
What is the hundreds digit of 60869?
8
What is the units digit of 2297?
7
What is the tens digit of 313?
1
What is the units digit of 6500?
0
What is the ten thousands digit of 18273?
1
What is the units digit of 190?
0
What is the units digit of 32760?
0
What is the thousands digit of 4440?
4
What is the tens digit of 236?
3
What is the hundreds digit of 10125?
1
What is the ten thousands digit of 16545?
1
What is the thousands digit of 1243?
1
What is the hundreds digit of 731?
7
What is the hundreds digit of 8753?
7
What is the tens digit of 1809?
0
What is the hundreds digit of 769?
7
What is the units digit of 4379?
9
What is the thousands digit of 41622?
1
What is the units digit of 1059?
9
What is the tens digit of 1333?
3
What is the hundreds digit of 1319?
3
What is the units digit of 4905?
5
What is the tens digit of 570?
7
What is the ten thousands digit of 36428?
3
What is the tens digit of 45281?
8
What is the tens digit of 1287?
8
What is the units digit of 159?
9
What is the hundreds digit of 216?
2
What is the units digit of 4340?
0
What is the hundreds digit of 3373?
3
What is the tens digit of 5623?
2
What is the tens digit of 461?
6
What is the thousands digit of 2133?
2
What is the tens digit of 16537?
3
What is the tens digit of 19128?
2
What is the thousands digit of 56197?
6
What is the tens digit of 954?
5
What is the tens digit of 2609?
0
What is the units digit of 5440?
0
What is the thousands digit of 1047?
1
What is the ten thousands digit of 69550?
6
What is the ten thousands digit of 11603?
1
What is the hundreds digit of 39018?
0
What is the units digit of 638?
8
What is the hundreds digit of 20928?
9
What is the units digit of 25121?
1
What is the tens digit of 1740?
4
What is the thousands digit of 25746?
5
What is the units digit of 3442?
2
What is the thousands digit of 4582?
4
What is the tens digit of 225?
2
What is the hundreds digit of 3499?
4
What is the hundreds digit of 15971?
9
What is the units digit of 682?
2
What is the tens digit of 5079?
7
What is the thousands digit of 53033?
3
What is the hundreds digit of 150404?
4
What is the thousands digit of 16402?
6
What is the ten thousands digit of 15060?
1
What is the tens digit of 1504?
0
What is the thousands digit of 13537?
3
What is the hundreds digit of 839?
8
What is the hundreds digit of 10002?
0
What 